40
Let n(i) = 33*i - 704. Let r be n(40). Calculate the greatest common factor of 1386 and r.
154
Let s be 315/2*(5 - (-10)/(-10)). What is the highest common factor of 1665 and s?
45
Let i(g) = -g. Let x(j) = 39*j - 6. Let v(o) = 9*i(o) + x(o). Let l be v(2). Suppose 3 = -l*p + 55*p. What is the greatest common factor of p and 15?
3
Suppose 4*h - 50 = 3*p + 9, -5*p = -2*h + 75. Let b(m) = -30*m - 276. Let g be b(p). What is the highest common factor of 418 and g?
38
Let r = 139624 - 139599. Suppose -3200 = -3*i + 5*v, -3*v - 637 = 5*i - 6027. What is the highest common factor of i and r?
25
Let s be (-19)/(-1) - 0/46. Suppose 2*n - s = 179. Calculate the greatest common divisor of n and 11.
11
Let z be (8 - 0)*10/(40/321). Let y = z + -598. Calculate the greatest common factor of 12 and y.
4
Let q = 1384 - 137. Calculate the greatest common factor of 58 and q.
29
Let f be 2*-1*2/(-4) + -19. Let x be (-4)/f + (-27228)/54. Let r be ((-2)/(-4))/((-3)/x). Calculate the greatest common factor of r and 21.
21
Suppose 47*o = 42*o - 25. Let j be (-1*(-12)/(-10))/(2/o). Suppose 3*y + 0*r + j*r = 9, 3*r + 33 = 3*y. What is the highest common divisor of 35 and y?
7
Let x be (-4 - -4)/((-4)/(-1)). Let c = 3 - x. Let n(w) = -42*w + 114. Let q be n(2). What is the greatest common factor of q and c?
3
Suppose 7*r - 5*r = 2*i - 14, 5*r - 30 = 0. What is the greatest common factor of i and 25168?
13
Let a(c) = -c**3 - 2*c**2 + 6*c + 28. Suppose 0 = 12*v - 14*v - 8. Let i be a(v). What is the greatest common divisor of 270 and i?
18
Let x be 390 - (-6)/8*-4. Let v(d) = 167*d - 158. Let u be v(1). What is the highest common divisor of x and u?
9
Let x be 25 - (-2 + -7 + 5). Suppose x*h + 7510 - 21227 = 0. What is the highest common divisor of 11 and h?
11
Let i = 2668 + 122. What is the greatest common factor of 360 and i?
90
Let v be (-6 - -9)*2/3*1. Suppose 0 = v*w + 5*f - 225, 5*w - 455 = -3*f + 136. Calculate the highest common divisor of 90 and w.
30
Suppose -76*w = -196*w + 734400. Calculate the highest common factor of 36 and w.
36
Suppose 0 = -7*c - 522 + 683. Suppose -23*x = c*x - 24288. Calculate the greatest common factor of 33 and x.
33
Suppose 3*x + 55 = 295. Let y = -74 + x. Calculate the greatest common factor of y and 162.
6
Let i = -3557 - -3899. What is the greatest common divisor of i and 378?
18
Let d(n) = -24*n**2 + 8*n - 11. Let h be d(2). Let f = 153 + h. Let u = -59 + f. What is the highest common divisor of 3 and u?
3
Let w be 1/6 - 2875/(-30). Suppose -3*d + d = -5*o - w, o = -5*d + 240. Suppose 6*u - 240 = 4*u. What is the highest common divisor of u and d?
24
Let d be 7/(-7) - (-6 - 145). Suppose 5*v + 2*g - 50 = 0, 4*v + 3*g = 46 - 6. What is the highest common divisor of v and d?
10
Let o be -15*1*(-11)/(198/372). Suppose -67*v - o = -72*v. What is the highest common divisor of v and 2?
2
Let s = 79 - 72. Suppose -3*l + 12 = -s*l. Let c be (-192)/l*(-1)/(-2). Calculate the highest common factor of 32 and c.
32
Suppose -2*s + 3*s - 287 = 0. Suppose -942 = 79*y - 7420. Calculate the greatest common factor of s and y.
41
Let i(k) be the first derivative of -13*k**2/2 - 18*k + 90. Let s be i(-2). Calculate the greatest common divisor of 56 and s.
8
Suppose 3*x = -5*h + 119, -x = 4*x + 4*h - 181. Let o = -915 + 959. What is the greatest common factor of o and x?
11
Let l be (-6)/(-10 - 1576/(-158)). What is the highest common factor of 30 and l?
3
Suppose j + 2*f - 687 = 0, 7*f = -4*j + 10*f + 2715. What is the highest common divisor of 21 and j?
3
Let v be (0 - -97*2)*5/10. Let s be 8/12*(-3)/4*0. Suppose f - v = -2*d, s*f = 2*f + 5*d - 197. Calculate the greatest common factor of 26 and f.
13
Suppose j + 6*j - 21 = 0. Let d(u) = 5*u**2 + 3*u**3 - 4*u**3 - 5*u - j*u - 4 + 2*u**3. Let h be d(-6). Calculate the highest common factor of 40 and h.
8
Let f(y) = y**3 - 7*y**2 + 4*y + 2. Let z be f(7). Let m = 1006 - 956. Let x = m - z. What is the highest common divisor of x and 180?
20
Let i = 470 - 85. Let v = i + -369. Calculate the greatest common divisor of 56 and v.
8
Suppose -2*q + 190 = 2*u - 7*u, q = -2*u + 77. Let i = q + -51. Suppose -12*s = -9*s - 408. Calculate the greatest common divisor of s and i.
34
Let v(b) = 17*b**2 + 9*b + 10. Let g(h) = h**2 + 36*h + 242. Let x be g(-9). Let k be v(x). Calculate the highest common divisor of k and 342.
18
Suppose -s + 152 = -2*b, -72 = 2*s - 5*b - 375. What is the highest common factor of 91 and s?
7
Suppose 2*n - 34 = 10*k - 14*k, 5*k - n = 53. Suppose 6*q = -k - 8. Let o be (q + -12)*(1 - (-38)/(-5)). Calculate the greatest common divisor of o and 66.
33
Suppose 0 = -5*y + 25, -3*y + 2 = -2*j - 31. Let h be 1536/9 + (-3)/j. What is the highest common divisor of 19 and h?
19
Let b = -515 + 656. Calculate the highest common factor of b and 18330.
141
Suppose 0 = -3*y - 3*t + 234, -y + t = 3*t - 78. Let x be (-49725)/(-30)*(36/(-5))/(-9). What is the highest common divisor of y and x?
78
Let w(l) = -8*l**3 - l**2 - 3*l - 2. Let k be w(-3). Let d be 2850/270 - 4/(-9). Suppose d*o - k = -16. What is the highest common divisor of 36 and o?
18
Suppose k - 1510 + 1499 = 0. Let p(d) = 2*d + 10. Let c be p(-6). Let l be (-64)/c - (-1)/1. Calculate the greatest common divisor of k and l.
11
Suppose 24*y - 60 - 156 = 0. Let m be (y/1*1)/(27/45). What is the greatest common factor of 15 and m?
15
Let w be 2/(-1) + (12 - -5). Let t be 9 + 2/(10/w). Suppose 0*o + 2*g + 32 = o, -2*g + t = o. Calculate the greatest common factor of o and 220.
22
Let f be 138544/208 - 3/273*7. Calculate the highest common divisor of f and 126.
18
Suppose -11*p + 760 = -520 - 29. What is the highest common factor of p and 17?
17
Suppose -9*q - 4492 = -14914. Suppose 242 + q = -5*i. Let p be i/(-105)*2*9/8. What is the greatest common divisor of 15 and p?
3
Suppose -3*k = 4*j - 675, -2*j + 174 + 165 = k. Suppose 3*h = -j - 183. Let m = h - -140. What is the greatest common divisor of 110 and m?
22
Suppose -4*j + 32 = -0*j. Let k be -216*-19*(-12)/(-3078). What is the highest common divisor of k and j?
8
Let q = 14 + -8. Suppose 9*k + 58 = 38*k. Let t be k + -1 - (26 - 40). What is the highest common divisor of t and q?
3
Let p be (-1*63/(-12))/(9/13224). Calculate the highest common factor of 133 and p.
133
Let g(h) = -7*h**3 - h**2 + 18*h + 19. Let j be g(-1). What is the highest common factor of 8848 and j?
7
Suppose 5*v = 18*v - 2600. Let y = -192 + v. What is the highest common factor of 1 and y?
1
Suppose -7*h + 26145 = 38*h. Calculate the highest common factor of h and 56.
7
Let h be 132 + 5 - 2*1. Let n be -3*((-2 - 4) + 3). Calculate the highest common divisor of n and h.
9
Let v(j) = 14*j**2 - 6*j - 15. Let d be v(3). Calculate the highest common factor of 1209 and d.
93
Let v(p) = -5 - p**3 - 2 - 74*p + 48*p + 12*p**2. Let f be v(9). Calculate the greatest common divisor of 26 and f.
2
Let q be 23 - (-2 + 3 + -4). Suppose -q*s = -25*s - 81. Let n = 165 - s. Calculate the highest common factor of n and 12.
12
Let y be 2*113*1/1 + 5. Let d = -103 - -166. Calculate the highest common divisor of d and y.
21
Let a(w) = 3*w**2 + 81*w - 57. Let m be a(-34). Calculate the highest common divisor of 2482 and m.
73
Suppose 0 = n - 11*k - 258, 0 = -2*n + 2*k + k + 459. Calculate the greatest common divisor of 80 and n.
5
Suppose -5*q + 2*a + 39 = 0, -2*q + 3*a - 5*a = -10. Let b be (-5)/(4 + -9) + 27. What is the highest common factor of q and b?
7
Let l be 2 - (1 - 8) - -33. Suppose -l*x = -33*x - 2205. Calculate the highest common divisor of x and 70.
35
Let l(s) = 18*s**2 - 9. Let j be l(6). Let v = -354 + j. Calculate the highest common factor of 15 and v.
15
Let v = -4 - -9. Suppose -v*w = 5*i - 125, -5*i + 5*w + 26 = -59. Let l be 1/(-3) + 28/i. Calculate the greatest common divisor of l and 4.
1
Suppose -58 - 17 = -5*p + 5*v, -3*p + 15 = 2*v. What is the highest common divisor of 12357 and p?
9
Let k be (-2)/(-3) + 1790/6. Suppose 130 = -4067*n + 4077*n. What is the greatest common factor of n and k?
13
Suppose 0 = -17*z - 33 + 118. Suppose -3*b - h + 195 = 0, -z*h = -5*b + 436 - 111. What is the greatest common divisor of b and 26?
13
Suppose 16*v = 122 + 118. Calculate the highest common divisor of 183 and v.
